[INFO] cloning repository https://github.com/Maix31/rust-platformer
[INFO] running `Command { std: "git" "-c" "credential.helper=" "-c" "credential.helper=/workspace/cargo-home/bin/git-credential-null" "clone" "--bare" "https://github.com/Maix31/rust-platformer" "/workspace/cache/git-repos/https%3A%2F%2Fgithub.com%2FMaix31%2Frust-platformer", kill_on_drop: false }`
[INFO] [stderr] Cloning into bare repository '/workspace/cache/git-repos/https%3A%2F%2Fgithub.com%2FMaix31%2Frust-platformer'...
[INFO] running `Command { std: "git" "rev-parse" "HEAD", kill_on_drop: false }`
[INFO] [stdout] 5e0868fb2af227a607758a4114f7b9e0b186bbfa
[INFO] checking Maix31/rust-platformer against master#e6e4f7ed1589e03bc2f6c5931c1a72e7947e8682 for beta-170-4
[INFO] running `Command { std: "git" "clone" "/workspace/cache/git-repos/https%3A%2F%2Fgithub.com%2FMaix31%2Frust-platformer" "/workspace/builds/worker-3-tc2/source", kill_on_drop: false }`
[INFO] [stderr] Cloning into '/workspace/builds/worker-3-tc2/source'...
[INFO] [stderr] done.
[INFO] validating manifest of git repo https://github.com/Maix31/rust-platformer on toolchain e6e4f7ed1589e03bc2f6c5931c1a72e7947e8682
[INFO] running `Command { std: CARGO_HOME="/workspace/cargo-home" RUSTUP_HOME="/workspace/rustup-home" "/workspace/cargo-home/bin/cargo" "+e6e4f7ed1589e03bc2f6c5931c1a72e7947e8682" "metadata" "--manifest-path" "Cargo.toml" "--no-deps", kill_on_drop: false }`
[INFO] started tweaking git repo https://github.com/Maix31/rust-platformer
[INFO] finished tweaking git repo https://github.com/Maix31/rust-platformer
[INFO] tweaked toml for git repo https://github.com/Maix31/rust-platformer written to /workspace/builds/worker-3-tc2/source/Cargo.toml
[INFO] crate git repo https://github.com/Maix31/rust-platformer already has a lockfile, it will not be regenerated
[INFO] running `Command { std: CARGO_HOME="/workspace/cargo-home" RUSTUP_HOME="/workspace/rustup-home" "/workspace/cargo-home/bin/cargo" "+e6e4f7ed1589e03bc2f6c5931c1a72e7947e8682" "fetch" "--manifest-path" "Cargo.toml", kill_on_drop: false }`
[INFO] running `Command { std: "docker" "create" "-v" "/var/lib/crater-agent-workspace/builds/worker-3-tc2/target:/opt/rustwide/target:rw,Z" "-v" "/var/lib/crater-agent-workspace/builds/worker-3-tc2/source:/opt/rustwide/workdir:ro,Z" "-v" "/var/lib/crater-agent-workspace/cargo-home:/opt/rustwide/cargo-home:ro,Z" "-v" "/var/lib/crater-agent-workspace/rustup-home:/opt/rustwide/rustup-home:ro,Z" "-e" "SOURCE_DIR=/opt/rustwide/workdir" "-e" "CARGO_TARGET_DIR=/opt/rustwide/target" "-e" "CARGO_HOME=/opt/rustwide/cargo-home" "-e" "RUSTUP_HOME=/opt/rustwide/rustup-home" "-w" "/opt/rustwide/workdir" "-m" "1610612736" "--user" "0:0" "--network" "none" "ghcr.io/rust-lang/crates-build-env/linux@sha256:19e73879b68f455e41552ea35293514db52ea292d993f571636dbffedb77a1ee" "/opt/rustwide/cargo-home/bin/cargo" "+e6e4f7ed1589e03bc2f6c5931c1a72e7947e8682" "metadata" "--no-deps" "--format-version=1", kill_on_drop: false }`
[INFO] [stdout] dfa6104f46ac56d8ca318dc63d485842509fbc7ac8a645c521c979962a56b9e4
[INFO] running `Command { std: "docker" "start" "-a" "dfa6104f46ac56d8ca318dc63d485842509fbc7ac8a645c521c979962a56b9e4", kill_on_drop: false }`
[INFO] running `Command { std: "docker" "inspect" "dfa6104f46ac56d8ca318dc63d485842509fbc7ac8a645c521c979962a56b9e4", kill_on_drop: false }`
[INFO] running `Command { std: "docker" "rm" "-f" "dfa6104f46ac56d8ca318dc63d485842509fbc7ac8a645c521c979962a56b9e4", kill_on_drop: false }`
[INFO] [stdout] dfa6104f46ac56d8ca318dc63d485842509fbc7ac8a645c521c979962a56b9e4
[INFO] running `Command { std: "docker" "create" "-v" "/var/lib/crater-agent-workspace/builds/worker-3-tc2/target:/opt/rustwide/target:rw,Z" "-v" "/var/lib/crater-agent-workspace/builds/worker-3-tc2/source:/opt/rustwide/workdir:ro,Z" "-v" "/var/lib/crater-agent-workspace/cargo-home:/opt/rustwide/cargo-home:ro,Z" "-v" "/var/lib/crater-agent-workspace/rustup-home:/opt/rustwide/rustup-home:ro,Z" "-e" "SOURCE_DIR=/opt/rustwide/workdir" "-e" "CARGO_TARGET_DIR=/opt/rustwide/target" "-e" "CARGO_INCREMENTAL=0" "-e" "RUST_BACKTRACE=full" "-e" "RUSTFLAGS=--cap-lints=forbid" "-e" "RUSTDOCFLAGS=--cap-lints=forbid" "-e" "CARGO_HOME=/opt/rustwide/cargo-home" "-e" "RUSTUP_HOME=/opt/rustwide/rustup-home" "-w" "/opt/rustwide/workdir" "-m" "1610612736" "--user" "0:0" "--network" "none" "ghcr.io/rust-lang/crates-build-env/linux@sha256:19e73879b68f455e41552ea35293514db52ea292d993f571636dbffedb77a1ee" "/opt/rustwide/cargo-home/bin/cargo" "+e6e4f7ed1589e03bc2f6c5931c1a72e7947e8682" "check" "--frozen" "--all" "--all-targets" "--message-format=json", kill_on_drop: false }`
[INFO] [stdout] a37b7135e6dc59aaa7fb922bbb58598c8c23336f1fa383865db9d7dde14fecfa
[INFO] running `Command { std: "docker" "start" "-a" "a37b7135e6dc59aaa7fb922bbb58598c8c23336f1fa383865db9d7dde14fecfa", kill_on_drop: false }`
[INFO] [stderr]    Compiling libc v0.2.66
[INFO] [stderr]    Compiling autocfg v1.0.0
[INFO] [stderr]     Checking cfg-if v0.1.10
[INFO] [stderr]    Compiling proc-macro2 v1.0.8
[INFO] [stderr]    Compiling unicode-xid v0.2.0
[INFO] [stderr]    Compiling syn v1.0.14
[INFO] [stderr]    Compiling serde v1.0.104
[INFO] [stderr]    Compiling cc v1.0.50
[INFO] [stderr]    Compiling semver-parser v0.7.0
[INFO] [stderr]    Compiling autocfg v0.1.7
[INFO] [stderr]    Compiling bitflags v1.2.1
[INFO] [stderr]    Compiling log v0.4.8
[INFO] [stderr]    Compiling proc-macro2 v0.4.30
[INFO] [stderr]    Compiling unicode-xid v0.1.0
[INFO] [stderr]     Checking lazy_static v1.4.0
[INFO] [stderr]    Compiling byteorder v1.3.2
[INFO] [stderr]    Compiling xml-rs v0.8.0
[INFO] [stderr]    Compiling pkg-config v0.3.17
[INFO] [stderr]     Checking scopeguard v1.0.0
[INFO] [stderr]    Compiling maybe-uninit v2.0.0
[INFO] [stderr]    Compiling syn v0.15.44
[INFO] [stderr]     Checking linked-hash-map v0.5.2
[INFO] [stderr]     Checking rand_core v0.4.2
[INFO] [stderr]     Checking void v1.0.2
[INFO] [stderr]    Compiling num-traits v0.2.11
[INFO] [stderr]     Checking arrayvec v0.5.1
[INFO] [stderr]     Checking smallvec v0.6.13
[INFO] [stderr]    Compiling crossbeam-utils v0.7.0
[INFO] [stderr]    Compiling crossbeam-epoch v0.8.0
[INFO] [stderr]    Compiling nix v0.14.1
[INFO] [stderr]    Compiling gl_generator v0.11.0
[INFO] [stderr]    Compiling getrandom v0.1.14
[INFO] [stderr]     Checking rand_core v0.3.1
[INFO] [stderr]    Compiling num-integer v0.1.42
[INFO] [stderr]    Compiling crc32fast v1.2.0
[INFO] [stderr]     Checking stb_truetype v0.3.1
[INFO] [stderr]     Checking rustc-hash v1.0.1
[INFO] [stderr]    Compiling ryu v1.0.2
[INFO] [stderr]    Compiling arrayvec v0.4.12
[INFO] [stderr]    Compiling quote v1.0.2
[INFO] [stderr]    Compiling quote v0.6.13
[INFO] [stderr]    Compiling version_check v0.1.5
[INFO] [stderr]    Compiling wayland-scanner v0.21.13
[INFO] [stderr]    Compiling x11-dl v2.18.4
[INFO] [stderr]     Checking draw_state v0.8.0
[INFO] [stderr]    Compiling libloading v0.5.2
[INFO] [stderr]    Compiling backtrace-sys v0.1.32
[INFO] [stderr]     Checking lock_api v0.3.3
[INFO] [stderr]     Checking downcast-rs v1.1.1
[INFO] [stderr]     Checking same-file v1.0.6
[INFO] [stderr]    Compiling rustc-demangle v0.1.16
[INFO] [stderr]    Compiling error-chain v0.12.1
[INFO] [stderr]     Checking adler32 v1.0.4
[INFO] [stderr]     Checking ppv-lite86 v0.2.6
[INFO] [stderr]     Checking nodrop v0.1.14
[INFO] [stderr]     Checking gfx_core v0.9.2
[INFO] [stderr]     Checking walkdir v2.3.1
[INFO] [stderr]     Checking num_cpus v1.12.0
[INFO] [stderr]     Checking approx v0.3.2
[INFO] [stderr]     Checking ordered-float v1.0.2
[INFO] [stderr]     Checking line_drawing v0.7.0
[INFO] [stderr]    Compiling gl_generator v0.13.1
[INFO] [stderr]     Checking c2-chacha v0.2.3
[INFO] [stderr]     Checking dlib v0.4.1
[INFO] [stderr]    Compiling rand_pcg v0.1.2
[INFO] [stderr]     Checking rand_core v0.5.1
[INFO] [stderr]    Compiling rand_chacha v0.1.1
[INFO] [stderr]     Checking wayland-sys v0.21.13
[INFO] [stderr]    Compiling num-rational v0.2.3
[INFO] [stderr]    Compiling num-complex v0.2.4
[INFO] [stderr]    Compiling typenum v1.11.2
[INFO] [stderr]    Compiling itoa v0.4.5
[INFO] [stderr]     Checking xdg v2.2.0
[INFO] [stderr]    Compiling pulldown-cmark v0.2.0
[INFO] [stderr]    Compiling libm v0.1.4
[INFO] [stderr]     Checking rand_chacha v0.2.1
[INFO] [stderr]     Checking num-traits v0.1.43
[INFO] [stderr]    Compiling rand v0.4.6
[INFO] [stderr]     Checking memmap v0.7.0
[INFO] [stderr]    Compiling glutin_glx_sys v0.1.5
[INFO] [stderr]    Compiling gfx_gl v0.6.0
[INFO] [stderr]    Compiling bzip2-sys v0.1.7
[INFO] [stderr]    Compiling minimp3-sys v0.3.1
[INFO] [stderr]    Compiling libudev-sys v0.1.4
[INFO] [stderr]    Compiling alsa-sys v0.1.2
[INFO] [stderr]    Compiling rand v0.6.5
[INFO] [stderr]    Compiling nix v0.15.0
[INFO] [stderr]    Compiling backtrace v0.3.42
[INFO] [stderr]    Compiling num-derive v0.2.5
[INFO] [stderr]    Compiling glutin_egl_sys v0.1.4
[INFO] [stderr]    Compiling remove_dir_all v0.5.2
[INFO] [stderr]    Compiling tempdir v0.3.7
[INFO] [stderr]    Compiling wayland-client v0.21.13
[INFO] [stderr]    Compiling wayland-protocols v0.21.13
[INFO] [stderr]     Checking sid v0.5.2
[INFO] [stderr]     Checking rand v0.7.3
[INFO] [stderr]     Checking shared_library v0.1.9
[INFO] [stderr]     Checking rand_os v0.1.3
[INFO] [stderr]     Checking raw-window-handle v0.3.3
[INFO] [stderr]    Compiling imgui-sys v0.2.0
[INFO] [stderr]     Checking rand_xorshift v0.1.1
[INFO] [stderr]     Checking rand_isaac v0.1.1
[INFO] [stderr]     Checking rand_hc v0.1.0
[INFO] [stderr]     Checking rand_jitter v0.1.4
[INFO] [stderr]    Compiling num-iter v0.1.40
[INFO] [stderr]    Compiling glob v0.2.11
[INFO] [stderr]     Checking xi-unicode v0.2.0
[INFO] [stderr]     Checking lzw v0.10.0
[INFO] [stderr]     Checking rawpointer v0.2.1
[INFO] [stderr]    Compiling bytecount v0.4.0
[INFO] [stderr]     Checking percent-encoding v2.1.0
[INFO] [stderr]     Checking matrixmultiply v0.2.3
[INFO] [stderr]     Checking wayland-commons v0.21.13
[INFO] [stderr]     Checking alga v0.9.2
[INFO] [stderr]     Checking osmesa-sys v0.1.2
[INFO] [stderr]     Checking twox-hash v1.5.0
[INFO] [stderr]     Checking generic-array v0.12.3
[INFO] [stderr]     Checking gfx v0.18.2
[INFO] [stderr]     Checking slice-deque v0.2.4
[INFO] [stderr]     Checking deflate v0.7.20
[INFO] [stderr]     Checking inflate v0.4.5
[INFO] [stderr]     Checking ogg v0.7.0
[INFO] [stderr]     Checking mint v0.5.4
[INFO] [stderr]     Checking uuid v0.8.1
[INFO] [stderr]     Checking color_quant v1.0.1
[INFO] [stderr]     Checking vec_map v0.8.1
[INFO] [stderr]     Checking lewton v0.9.4
[INFO] [stderr]     Checking png v0.15.3
[INFO] [stderr]     Checking minimp3 v0.3.3
[INFO] [stderr]     Checking cpal v0.8.2
[INFO] [stderr]     Checking gif v0.10.3
[INFO] [stderr]     Checking dirs-sys v0.3.4
[INFO] [stderr]     Checking nalgebra v0.18.1
[INFO] [stderr]     Checking jpeg-decoder v0.1.18
[INFO] [stderr]     Checking rle-decode-fast v1.0.1
[INFO] [stderr]     Checking podio v0.1.6
[INFO] [stderr]     Checking take_mut v0.2.2
[INFO] [stderr]    Compiling imgui-gfx-renderer v0.2.0
[INFO] [stderr]     Checking claxon v0.4.2
[INFO] [stderr]     Checking hound v3.4.0
[INFO] [stderr]     Checking fnv v1.0.6
[INFO] [stderr]     Checking bitflags v0.7.0
[INFO] [stderr]     Checking xml-rs v0.3.6
[INFO] [stderr]     Checking libflate v0.1.27
[INFO] [stderr]     Checking directories v2.0.2
[INFO] [stderr]     Checking base64 v0.5.2
[INFO] [stderr]     Checking yaml-rust v0.4.3
[INFO] [stderr]     Checking dtoa v0.4.4
[INFO] [stderr]     Checking text_io v0.1.8
[INFO] [stderr]     Checking gfx_device_gl v0.16.2
[INFO] [stderr]     Checking tiled v0.8.1
[INFO] [stderr]    Compiling serde_derive v1.0.104
[INFO] [stderr]    Compiling euclid_macros v0.1.0
[INFO] [stderr]    Compiling smart-default v0.5.2
[INFO] [stderr]     Checking bzip2 v0.3.3
[INFO] [stderr]     Checking zip v0.5.4
[INFO] [stderr]     Checking euclid v0.19.9
[INFO] [stderr]     Checking gilrs-core v0.2.5
[INFO] [stderr]     Checking gilrs v0.7.3
[INFO] [stderr]     Checking lyon_geom v0.12.7
[INFO] [stderr]     Checking tiff v0.3.1
[INFO] [stderr]     Checking lyon_path v0.13.2
[INFO] [stderr]     Checking image v0.22.4
[INFO] [stderr]     Checking lyon_tessellation v0.13.5
[INFO] [stderr]     Checking lyon_algorithms v0.13.4
[INFO] [stderr]     Checking lyon v0.13.5
[INFO] [stderr]     Checking rodio v0.9.0
[INFO] [stderr]     Checking toml v0.5.6
[INFO] [stderr]     Checking serde_yaml v0.8.11
[INFO] [stderr]    Compiling semver v0.9.0
[INFO] [stderr]    Compiling serde_json v1.0.45
[INFO] [stderr]    Compiling rustc_version v0.2.3
[INFO] [stderr]    Compiling memoffset v0.5.3
[INFO] [stderr]    Compiling parking_lot_core v0.6.2
[INFO] [stderr]    Compiling parking_lot v0.9.0
[INFO] [stderr]     Checking crossbeam-deque v0.7.2
[INFO] [stderr]     Checking rusttype v0.8.2
[INFO] [stderr]    Compiling cargo_metadata v0.6.4
[INFO] [stderr]     Checking rusttype v0.7.9
[INFO] [stderr]     Checking glyph_brush_layout v0.1.8
[INFO] [stderr]     Checking andrew v0.2.1
[INFO] [stderr]    Compiling skeptic v0.13.4
[INFO] [stderr]     Checking glyph_brush v0.6.1
[INFO] [stderr]     Checking smithay-client-toolkit v0.4.6
[INFO] [stderr]     Checking glyph_brush v0.5.4
[INFO] [stderr]    Compiling ggez v0.5.1
[INFO] [stderr]     Checking winit v0.19.5
[INFO] [stderr]     Checking glutin v0.20.1
[INFO] [stderr]     Checking gfx_window_glutin v0.30.0
[INFO] [stderr]     Checking imgui v0.2.1
[INFO] [stderr]     Checking poth_platformer v0.1.0 (/opt/rustwide/workdir)
[INFO] [stdout] error: expected one of `,`, `:`, or `}`, found `screen_info`
[INFO] [stdout]   --> src/game_scene.rs:27:13
[INFO] [stdout]    |
[INFO] [stdout] 25 |         Camera {
[INFO] [stdout]    |         ------ while parsing this struct
[INFO] [stdout] 26 |             rect
[INFO] [stdout]    |                 - expected one of `,`, `:`, or `}`
[INFO] [stdout] 27 |             screen_info
[INFO] [stdout]    |             ^^^^^^^^^^^ unexpected token
[INFO] [stdout] 
[INFO] [stdout] 
[INFO] [stdout] error: expected one of `,`, `:`, or `}`, found `screen_info`
[INFO] [stdout]   --> src/game_scene.rs:27:13
[INFO] [stdout]    |
[INFO] [stdout] 25 |         Camera {
[INFO] [stdout]    |         ------ while parsing this struct
[INFO] [stdout] 26 |             rect
[INFO] [stdout]    |                 - expected one of `,`, `:`, or `}`
[INFO] [stdout] 27 |             screen_info
[INFO] [stdout]    |             ^^^^^^^^^^^ unexpected token
[INFO] [stdout] 
[INFO] [stdout] 
[INFO] [stdout] error[E0412]: cannot find type `Player` in this scope
[INFO] [stdout]   --> src/game_scene.rs:31:59
[INFO] [stdout]    |
[INFO] [stdout] 31 |     fn update(&mut self,state: &mut GlobalState, player: &Player) {
[INFO] [stdout]    |                                                           ^^^^^^ not found in this scope
[INFO] [stdout] 
[INFO] [stdout] 
[INFO] [stdout] error[E0412]: cannot find type `Player` in this scope
[INFO] [stdout]   --> src/game_scene.rs:31:59
[INFO] [stdout]    |
[INFO] [stdout] 31 |     fn update(&mut self,state: &mut GlobalState, player: &Player) {
[INFO] [stdout]    |                                                           ^^^^^^ not found in this scope
[INFO] [stdout] 
[INFO] [stdout] 
[INFO] [stdout] error[E0424]: expected value, found module `self`
[INFO] [stdout]   --> src/game_scene.rs:57:77
[INFO] [stdout]    |
[INFO] [stdout] 53 |     fn from(camera: Camera) -> Self {
[INFO] [stdout]    |        ---- this function doesn't have a `self` parameter
[INFO] [stdout] ...
[INFO] [stdout] 57 |             scale:  [(camera.screen_info.0 / camera.rect.w as u32) as f32, (self.screen_info.1 / camera.rect.h as u32) as f32].into(),
[INFO] [stdout]    |                                                                             ^^^^ `self` value is a keyword only available in methods with a `self` parameter
[INFO] [stdout]    |
[INFO] [stdout] help: add a `self` receiver parameter to make the associated `fn` a method
[INFO] [stdout]    |
[INFO] [stdout] 53 |     fn from(&self, camera: Camera) -> Self {
[INFO] [stdout]    |             ++++++
[INFO] [stdout] 
[INFO] [stdout] 
[INFO] [stdout] error[E0424]: expected value, found module `self`
[INFO] [stdout]   --> src/game_scene.rs:57:77
[INFO] [stdout]    |
[INFO] [stdout] 53 |     fn from(camera: Camera) -> Self {
[INFO] [stdout]    |        ---- this function doesn't have a `self` parameter
[INFO] [stdout] ...
[INFO] [stdout] 57 |             scale:  [(camera.screen_info.0 / camera.rect.w as u32) as f32, (self.screen_info.1 / camera.rect.h as u32) as f32].into(),
[INFO] [stdout]    |                                                                             ^^^^ `self` value is a keyword only available in methods with a `self` parameter
[INFO] [stdout]    |
[INFO] [stdout] help: add a `self` receiver parameter to make the associated `fn` a method
[INFO] [stdout]    |
[INFO] [stdout] 53 |     fn from(&self, camera: Camera) -> Self {
[INFO] [stdout]    |             ++++++
[INFO] [stdout] 
[INFO] [stdout] 
[INFO] [stdout] warning: unused import: `Context`
[INFO] [stdout]  --> src/input.rs:4:5
[INFO] [stdout]   |
[INFO] [stdout] 4 |     Context,
[INFO] [stdout]   |     ^^^^^^^
[INFO] [stdout]   |
[INFO] [stdout]   = note: `#[warn(unused_imports)]` on by default
[INFO] [stdout] 
[INFO] [stdout] 
[INFO] [stdout] warning: unused import: `Context`
[INFO] [stdout]  --> src/input.rs:4:5
[INFO] [stdout]   |
[INFO] [stdout] 4 |     Context,
[INFO] [stdout]   |     ^^^^^^^
[INFO] [stdout]   |
[INFO] [stdout]   = note: `#[warn(unused_imports)]` on by default
[INFO] [stdout] 
[INFO] [stdout] 
[INFO] [stdout] warning: unused import: `Serialize`
[INFO] [stdout]  --> src/settings.rs:2:26
[INFO] [stdout]   |
[INFO] [stdout] 2 | use serde::{Deserialize, Serialize};
[INFO] [stdout]   |                          ^^^^^^^^^
[INFO] [stdout] 
[INFO] [stdout] 
[INFO] [stdout] warning: unused import: `Serialize`
[INFO] [stdout]  --> src/settings.rs:2:26
[INFO] [stdout]   |
[INFO] [stdout] 2 | use serde::{Deserialize, Serialize};
[INFO] [stdout]   |                          ^^^^^^^^^
[INFO] [stdout] 
[INFO] [stdout] 
[INFO] [stdout] error[E0063]: missing fields `rect` and `screen_info` in initializer of `Camera`
[INFO] [stdout]   --> src/game_scene.rs:25:9
[INFO] [stdout]    |
[INFO] [stdout] 25 |         Camera {
[INFO] [stdout]    |         ^^^^^^ missing `rect` and `screen_info`
[INFO] [stdout] 
[INFO] [stdout] 
[INFO] [stdout] error[E0063]: missing fields `rect` and `screen_info` in initializer of `Camera`
[INFO] [stdout]   --> src/game_scene.rs:25:9
[INFO] [stdout]    |
[INFO] [stdout] 25 |         Camera {
[INFO] [stdout]    |         ^^^^^^ missing `rect` and `screen_info`
[INFO] [stdout] 
[INFO] [stdout] 
[INFO] [stdout] error[E0277]: cannot divide `f32` by `u32`
[INFO] [stdout]   --> src/game_scene.rs:57:44
[INFO] [stdout]    |
[INFO] [stdout] 57 |             scale:  [(camera.screen_info.0 / camera.rect.w as u32) as f32, (self.screen_info.1 / camera.rect.h as u32) as f32].into(),
[INFO] [stdout]    |                                            ^ no implementation for `f32 / u32`
[INFO] [stdout]    |
[INFO] [stdout]    = help: the trait `Div<u32>` is not implemented for `f32`
[INFO] [stdout]    = help: the following other types implement trait `Div<Rhs>`:
[INFO] [stdout]              <&'a f32 as Div<Complex<f32>>>
[INFO] [stdout]              <&'a f32 as Div<f32>>
[INFO] [stdout]              <&'b f32 as Div<&'a Complex<f32>>>
[INFO] [stdout]              <&f32 as Div<&f32>>
[INFO] [stdout]              <f32 as Div<&'a Complex<f32>>>
[INFO] [stdout]              <f32 as Div<&f32>>
[INFO] [stdout]              <f32 as Div<Complex<f32>>>
[INFO] [stdout]              <f32 as Div<rusttype::geometry::Vector<f32>>>
[INFO] [stdout]              <f32 as Div>
[INFO] [stdout] 
[INFO] [stdout] 
[INFO] [stdout] error[E0277]: cannot divide `f32` by `u32`
[INFO] [stdout]   --> src/game_scene.rs:57:44
[INFO] [stdout]    |
[INFO] [stdout] 57 |             scale:  [(camera.screen_info.0 / camera.rect.w as u32) as f32, (self.screen_info.1 / camera.rect.h as u32) as f32].into(),
[INFO] [stdout]    |                                            ^ no implementation for `f32 / u32`
[INFO] [stdout]    |
[INFO] [stdout]    = help: the trait `Div<u32>` is not implemented for `f32`
[INFO] [stdout]    = help: the following other types implement trait `Div<Rhs>`:
[INFO] [stdout]              <&'a f32 as Div<Complex<f32>>>
[INFO] [stdout]              <&'a f32 as Div<f32>>
[INFO] [stdout]              <&'b f32 as Div<&'a Complex<f32>>>
[INFO] [stdout]              <&f32 as Div<&f32>>
[INFO] [stdout]              <f32 as Div<&'a Complex<f32>>>
[INFO] [stdout]              <f32 as Div<&f32>>
[INFO] [stdout]              <f32 as Div<Complex<f32>>>
[INFO] [stdout]              <f32 as Div<rusttype::geometry::Vector<f32>>>
[INFO] [stdout]              <f32 as Div>
[INFO] [stdout] 
[INFO] [stdout] 
[INFO] [stdout] error[E0560]: struct `GameScene` has no field named `camre`
[INFO] [stdout]   --> src/game_scene.rs:77:13
[INFO] [stdout]    |
[INFO] [stdout] 77 |             camre: Camera::new(Rect::new_i32(0,0,w,h))
[INFO] [stdout]    |             ^^^^^ `GameScene` does not have this field
[INFO] [stdout]    |
[INFO] [stdout]    = note: available fields are: `map`, `background`, `camera`
[INFO] [stdout] 
[INFO] [stdout] 
[INFO] [stdout] error[E0560]: struct `GameScene` has no field named `camre`
[INFO] [stdout]   --> src/game_scene.rs:77:13
[INFO] [stdout]    |
[INFO] [stdout] 77 |             camre: Camera::new(Rect::new_i32(0,0,w,h))
[INFO] [stdout]    |             ^^^^^ `GameScene` does not have this field
[INFO] [stdout]    |
[INFO] [stdout]    = note: available fields are: `map`, `background`, `camera`
[INFO] [stdout] 
[INFO] [stdout] 
[INFO] [stdout] warning: use of deprecated method `imgui::legacy::<impl imgui::Ui<'ui>>::window`: use imgui::Window::new(...) instead
[INFO] [stdout]    --> src/imgui_wrapper.rs:125:14
[INFO] [stdout]     |
[INFO] [stdout] 125 |           ui.window(im_str!("Hello world"))
[INFO] [stdout]     |              ^^^^^^
[INFO] [stdout]     |
[INFO] [stdout]     = note: `#[warn(deprecated)]` on by default
[INFO] [stdout] 
[INFO] [stdout] 
[INFO] [stdout] warning: use of deprecated method `imgui::legacy::<impl imgui::Ui<'ui>>::window`: use imgui::Window::new(...) instead
[INFO] [stdout]    --> src/imgui_wrapper.rs:125:14
[INFO] [stdout]     |
[INFO] [stdout] 125 |           ui.window(im_str!("Hello world"))
[INFO] [stdout]     |              ^^^^^^
[INFO] [stdout]     |
[INFO] [stdout]     = note: `#[warn(deprecated)]` on by default
[INFO] [stdout] 
[INFO] [stdout] 
[INFO] [stdout] warning: use of deprecated method `imgui::legacy::<impl imgui::Ui<'ui>>::menu_item`: use imgui::MenuItem::new(...) instead
[INFO] [stdout]    --> src/imgui_wrapper.rs:148:19
[INFO] [stdout]     |
[INFO] [stdout] 148 |             if ui.menu_item(im_str!("popup menu item 1")).build(&ui) {
[INFO] [stdout]     |                   ^^^^^^^^^
[INFO] [stdout] 
[INFO] [stdout] 
[INFO] [stdout] warning: use of deprecated method `imgui::legacy::<impl imgui::Ui<'ui>>::menu_item`: use imgui::MenuItem::new(...) instead
[INFO] [stdout]    --> src/imgui_wrapper.rs:152:19
[INFO] [stdout]     |
[INFO] [stdout] 152 |             if ui.menu_item(im_str!("popup menu item 2")).build(&ui) {
[INFO] [stdout]     |                   ^^^^^^^^^
[INFO] [stdout] 
[INFO] [stdout] 
[INFO] [stdout] warning: use of deprecated method `imgui::legacy::<impl imgui::Ui<'ui>>::menu_item`: use imgui::MenuItem::new(...) instead
[INFO] [stdout]    --> src/imgui_wrapper.rs:148:19
[INFO] [stdout]     |
[INFO] [stdout] 148 |             if ui.menu_item(im_str!("popup menu item 1")).build(&ui) {
[INFO] [stdout]     |                   ^^^^^^^^^
[INFO] [stdout] 
[INFO] [stdout] 
[INFO] [stdout] warning: use of deprecated method `imgui::legacy::<impl imgui::Ui<'ui>>::menu_item`: use imgui::MenuItem::new(...) instead
[INFO] [stdout]    --> src/imgui_wrapper.rs:152:19
[INFO] [stdout]     |
[INFO] [stdout] 152 |             if ui.menu_item(im_str!("popup menu item 2")).build(&ui) {
[INFO] [stdout]     |                   ^^^^^^^^^
[INFO] [stdout] 
[INFO] [stdout] 
[INFO] [stdout] warning: use of deprecated method `imgui::legacy::<impl imgui::Ui<'ui>>::menu_item`: use imgui::MenuItem::new(...) instead
[INFO] [stdout]    --> src/imgui_wrapper.rs:160:21
[INFO] [stdout]     |
[INFO] [stdout] 160 |               if ui.menu_item(im_str!("Item 1.1")).build(&ui) {
[INFO] [stdout]     |                     ^^^^^^^^^
[INFO] [stdout] 
[INFO] [stdout] 
[INFO] [stdout] warning: use of deprecated method `imgui::legacy::<impl imgui::Ui<'ui>>::menu_item`: use imgui::MenuItem::new(...) instead
[INFO] [stdout]    --> src/imgui_wrapper.rs:160:21
[INFO] [stdout]     |
[INFO] [stdout] 160 |               if ui.menu_item(im_str!("Item 1.1")).build(&ui) {
[INFO] [stdout]     |                     ^^^^^^^^^
[INFO] [stdout] 
[INFO] [stdout] 
[INFO] [stdout] warning: use of deprecated method `imgui::legacy::<impl imgui::Ui<'ui>>::menu_item`: use imgui::MenuItem::new(...) instead
[INFO] [stdout]    --> src/imgui_wrapper.rs:165:23
[INFO] [stdout]     |
[INFO] [stdout] 165 |                 if ui.menu_item(im_str!("Item 1.2.1")).build(&ui) {
[INFO] [stdout]     |                       ^^^^^^^^^
[INFO] [stdout] 
[INFO] [stdout] 
[INFO] [stdout] warning: use of deprecated method `imgui::legacy::<impl imgui::Ui<'ui>>::menu_item`: use imgui::MenuItem::new(...) instead
[INFO] [stdout]    --> src/imgui_wrapper.rs:165:23
[INFO] [stdout]     |
[INFO] [stdout] 165 |                 if ui.menu_item(im_str!("Item 1.2.1")).build(&ui) {
[INFO] [stdout]     |                       ^^^^^^^^^
[INFO] [stdout] 
[INFO] [stdout] 
[INFO] [stdout] warning: use of deprecated method `imgui::legacy::<impl imgui::Ui<'ui>>::menu_item`: use imgui::MenuItem::new(...) instead
[INFO] [stdout]    --> src/imgui_wrapper.rs:168:23
[INFO] [stdout]     |
[INFO] [stdout] 168 |                 if ui.menu_item(im_str!("Item 1.2.2")).build(&ui) {
[INFO] [stdout]     |                       ^^^^^^^^^
[INFO] [stdout] 
[INFO] [stdout] 
[INFO] [stdout] warning: use of deprecated method `imgui::legacy::<impl imgui::Ui<'ui>>::menu_item`: use imgui::MenuItem::new(...) instead
[INFO] [stdout]    --> src/imgui_wrapper.rs:168:23
[INFO] [stdout]     |
[INFO] [stdout] 168 |                 if ui.menu_item(im_str!("Item 1.2.2")).build(&ui) {
[INFO] [stdout]     |                       ^^^^^^^^^
[INFO] [stdout] 
[INFO] [stdout] 
[INFO] [stdout] warning: use of deprecated method `imgui::legacy::<impl imgui::Ui<'ui>>::menu_item`: use imgui::MenuItem::new(...) instead
[INFO] [stdout]    --> src/imgui_wrapper.rs:175:21
[INFO] [stdout]     |
[INFO] [stdout] 175 |               if ui.menu_item(im_str!("Item 2.1")).build(&ui) {
[INFO] [stdout]     |                     ^^^^^^^^^
[INFO] [stdout] 
[INFO] [stdout] 
[INFO] [stdout] warning: use of deprecated method `imgui::legacy::<impl imgui::Ui<'ui>>::menu_item`: use imgui::MenuItem::new(...) instead
[INFO] [stdout]    --> src/imgui_wrapper.rs:175:21
[INFO] [stdout]     |
[INFO] [stdout] 175 |               if ui.menu_item(im_str!("Item 2.1")).build(&ui) {
[INFO] [stdout]     |                     ^^^^^^^^^
[INFO] [stdout] 
[INFO] [stdout] 
[INFO] [stdout] error[E0433]: failed to resolve: use of undeclared crate or module `graphics`
[INFO] [stdout]   --> src/game_scene.rs:52:23
[INFO] [stdout]    |
[INFO] [stdout] 52 | impl From<Camera> for graphics::DrawParam {
[INFO] [stdout]    |                       ^^^^^^^^ use of undeclared crate or module `graphics`
[INFO] [stdout] 
[INFO] [stdout] 
[INFO] [stdout] error[E0433]: failed to resolve: use of undeclared crate or module `graphics`
[INFO] [stdout]   --> src/game_scene.rs:52:23
[INFO] [stdout]    |
[INFO] [stdout] 52 | impl From<Camera> for graphics::DrawParam {
[INFO] [stdout]    |                       ^^^^^^^^ use of undeclared crate or module `graphics`
[INFO] [stdout] 
[INFO] [stdout] 
[INFO] [stdout] error: aborting due to 7 previous errors; 9 warnings emitted
[INFO] [stdout] 
[INFO] [stdout] 
[INFO] [stdout] error: aborting due to 7 previous errors; 9 warnings emitted
[INFO] [stdout] 
[INFO] [stdout] 
[INFO] [stdout] Some errors have detailed explanations: E0063, E0277, E0412, E0424, E0433, E0560.
[INFO] [stdout] 
[INFO] [stdout] Some errors have detailed explanations: E0063, E0277, E0412, E0424, E0433, E0560.
[INFO] [stdout] 
[INFO] [stdout] For more information about an error, try `rustc --explain E0063`.
[INFO] [stdout] 
[INFO] [stdout] For more information about an error, try `rustc --explain E0063`.
[INFO] [stdout] 
[INFO] [stderr] error: could not compile `poth_platformer` (bin "poth_platformer") due to 8 previous errors; 9 warnings emitted
[INFO] [stderr] warning: build failed, waiting for other jobs to finish...
[INFO] [stderr] error: could not compile `poth_platformer` (bin "poth_platformer" test) due to 8 previous errors; 9 warnings emitted
[INFO] running `Command { std: "docker" "inspect" "a37b7135e6dc59aaa7fb922bbb58598c8c23336f1fa383865db9d7dde14fecfa", kill_on_drop: false }`
[INFO] running `Command { std: "docker" "rm" "-f" "a37b7135e6dc59aaa7fb922bbb58598c8c23336f1fa383865db9d7dde14fecfa", kill_on_drop: false }`
[INFO] [stdout] a37b7135e6dc59aaa7fb922bbb58598c8c23336f1fa383865db9d7dde14fecfa
